Vremenska postaja OŠ Trzin, Slovenija

46.134 N| 14.5613 E| 300 m | Prikaži na zemljevidu

Osnovna šola Trzin v sodelovanju s CZ Trzin in Vremenskim društvom ZEVS

Vreme na kratko
3,1°C 84% 1023 mbar 0,6 km/h 4,8 km/h 0,0 mm
-1,8°C/h 8%/h 0 mbar/h S (5°) S (5°) 0,0 mm/h

14. 04. 2021 22:55:00 CEST

Vremenska statistika za 2016

Vremenska postaja:Vantage Pro2
Programska oprema:weewx v3.8.0
WeeWX aktiven:33 d, 15 h, 38 min
Strežnik aktiven:33 d, 14 h, 50 min
                     CLIMATOLOGICAL SUMMARY for year 2016


NAME: OS Trzin, Slovenija                  
ELEV: 300 m    LAT: 46-08.04 S    LONG: 14-33.66 V


                                       TEMPERATURE (°C)

                              HEAT    COOL                             Tropske Vroci  Topli  Hladni  Ledeni
          MEAN   MEAN         DEG     DEG                                >=     >=     >=      <       < 
 YR  MO   MAX    MIN    MEAN  DAYS    DAYS      HI  DAY     LOW  DAY     20     30     25      0       0
---------------------------------------------------------------------------------------------------------
2016 01    4,6   -2,7    0,5  301,9    0,0    14,4   11    -8,6   19      0      0      0     24      5
2016 02    8,5    2,3    5,2  206,1    0,0    14,8   01    -2,2   06      0      0      0      6      0
2016 03   11,9    2,9    7,2  186,6    0,0    19,7   31    -1,6   18      0      0      0      5      0
2016 04   18,2    6,0   11,8  103,1    0,0    24,4   06     0,2   30      0      0      0      0      0
2016 05   20,7    9,6   14,6   62,4    3,7    28,9   27     5,1   17      0      0      7      0      0
2016 06   25,4   14,2   19,1    8,2   26,6    32,6   24    11,3   03      0      4     16      0      0
2016 07   28,8   16,5   22,1    2,7   72,5    33,4   11    11,6   16      0     14     27      0      0
2016 08   27,2   14,3   19,9    4,8   38,4    31,2   04     7,9   12      0      3     27      0      0
2016 09   24,7   12,5   17,5   26,1   17,9    29,8   12     6,2   22      0      0     13      0      0
2016 10   14,4    6,6   10,0  137,6    0,0    23,8   01     0,5   06      0      0      0      0      0
2016 11   10,2    3,8    6,6  189,6    0,0    17,4   06    -5,5   30      0      0      0      6      0
2016 12    4,4   -3,7   -0,5  319,1    0,0    14,2   28    -8,0   31      0      0      0     31      4
---------------------------------------------------------------------------------------------------------
          16,6    6,9   11,2 1548,2  158,9    33,4  jul    -8,6  jan      0     21     90     72      9


                  PRECIPITATION (mm)

                  MAX         ---DAYS OF RAIN---
                  OBS.               OVER
 YR  MO  TOTAL    DAY  DATE   0.20   2.00  20.00
------------------------------------------------
2016 01   63,6   15,2    09     11      6      0
2016 02  138,2   21,6    03     21     15      1
2016 03   45,0   12,2    07      7      6      0
2016 04   66,2   26,4    28      9      6      1
2016 05  121,0   21,4    14     18     14      1
2016 06  131,4   40,8    15     15     14      1
2016 07   47,8   19,4    03      9      4      0
2016 08   60,6   19,0    01     10      5      0
2016 09   39,4   16,4    01     10      3      0
2016 10   82,0   23,2    20     14      7      1
2016 11  127,2   38,0    06     17     10      2
2016 12    2,4    0,4    29      1      0      0
------------------------------------------------
         924,8   40,8   jun    142     90      7


           WIND SPEED (km/h)

                                DOM
 YR  MO    AVG     HI   DATE    DIR
-----------------------------------
2016 01    1,0   37,0     11    124 (VJV)
2016 02    1,7   35,4     09    104 (VJV)
2016 03    2,8   43,5     29     94 (V)
2016 04    3,1   53,1     17    143 (JV)
2016 05    2,3   41,8     23    125 (JV)
2016 06    2,2   45,1     17    146 (JV)
2016 07    2,0   51,5     13    140 (JV)
2016 08    1,9   32,2     17    140 (JV)
2016 09    1,6   33,8     17    133 (JV)
2016 10    1,2   33,8     01    124 (JV)
2016 11    1,4   45,1     06    124 (JV)
2016 12    1,1   41,8     28    159 (JJV)
-----------------------------------
           1,9   53,1    apr    134 (JV)