Vremenska postaja OŠ Trzin, Slovenija

46.134 N| 14.5613 E| 300 m | Prikaži na zemljevidu

Osnovna šola Trzin v sodelovanju s CZ Trzin in Vremenskim društvom ZEVS

Vreme na kratko
5,2°C 75% 1022 mbar 1,3 km/h 4,8 km/h 0,0 mm
-1,3°C/h 6%/h 0 mbar/h JJZ (209°) JJZ (209°) 0,0 mm/h

14. 04. 2021 21:45:00 CEST

Vremenska statistika za 12-2016

Vremenska postaja:Vantage Pro2
Programska oprema:weewx v3.8.0
WeeWX aktiven:33 d, 14 h, 28 min
Strežnik aktiven:33 d, 13 h, 40 min
                   MONTHLY CLIMATOLOGICAL SUMMARY for dec 2016


NAME: OS Trzin, Slovenija                  
ELEV: 300 m    LAT: 46-08.04 S    LONG: 14-33.66 V


                   TEMPERATURE (°C), RAIN (mm), WIND SPEED (km/h)

                                         HEAT   COOL         AVG
      MEAN                               DEG    DEG          WIND                   DOM
DAY   TEMP   HIGH   TIME    LOW   TIME   DAYS   DAYS   RAIN  SPEED   HIGH   TIME    DIR
---------------------------------------------------------------------------------------
 01   -1,3    4,6  14:00   -4,4  07:30   10,7    0,0    0,2    0,7    8,0  09:00     89 (V)
 02    0,6    7,4  13:30   -3,7  06:00    9,7    0,0    0,0    0,6    9,7  19:00    346 (SSZ)
 03    0,5    4,4  15:00   -2,0  06:30    9,7    0,0    0,0    0,6    8,0  12:30    329 (SSZ)
 04   -0,1    4,8  14:00   -4,2  07:30   10,1    0,0    0,2    0,5    6,4  12:00    181 (J)
 05    1,2    6,1  14:30   -2,9  00:00    9,4    0,0    0,0    0,4    9,7  13:30    124 (JV)
 06   -1,2    6,2  14:00   -5,1  08:00   10,7    0,0    0,2    0,5    8,0  11:30    102 (VJV)
 07   -0,3    6,3  14:30   -3,3  00:00   10,2    0,0    0,0    0,6    8,0  03:00    121 (VJV)
 08   -2,7    1,2  14:30   -4,6  03:30   11,5    0,0    0,2    0,6    8,0  13:30    149 (JJV)
 09   -0,2    8,9  14:00   -4,1  08:00   10,1    0,0    0,0    0,5    8,0  04:30    343 (SSZ)
 10   -0,9    6,9  14:00   -4,8  08:00   10,5    0,0    0,2    0,3    6,4  11:00     95 (V)
 11    0,6    9,6  14:00   -4,7  07:00    9,6    0,0    0,0    1,3   24,1  14:30    224 (JZ)
 12    0,6    4,4  14:00   -1,5  00:00    9,7    0,0    0,2    1,6   14,5  14:00    164 (JJV)
 13   -0,0    5,1  14:00   -2,4  03:30   10,0    0,0    0,0    0,8    9,7  01:30    328 (SSZ)
 14    0,6    7,7  13:30   -2,6  03:00    9,7    0,0    0,2    0,4    6,4  10:00      5 (S)
 15    0,7    2,8  15:30   -2,4  06:30    9,6    0,0    0,0    0,5    8,0  02:00    124 (JV)
 16    2,5    4,2  12:00   -1,8  00:00    8,6    0,0    0,0    0,9   14,5  12:30    106 (VJV)
 17   -1,7    4,8  14:00   -4,9  07:30   11,0    0,0    0,0    0,3    6,4  13:30    132 (JV)
 18   -2,9    3,3  14:30   -6,7  07:30   11,6    0,0    0,2    0,7    8,0  11:30    140 (JV)
 19   -1,0    0,7  13:30   -4,2  03:00   10,6    0,0    0,0    1,7   11,3  14:00    166 (JJV)
 20   -0,8   -0,1  00:30   -1,9  00:00   10,4    0,0    0,0    2,2   12,9  00:00    167 (JJV)
 21   -2,2   -1,8  14:00   -2,7  09:00   11,2    0,0    0,0    3,2   11,3  02:00    174 (J)
 22   -2,4   -1,9  18:00   -2,8  09:00   11,3    0,0    0,0    1,8    9,7  00:30    164 (JJV)
 23   -3,0   -0,8  14:30   -5,3  23:30   11,7    0,0    0,0    1,4    9,7  05:30    346 (SSZ)
 24   -2,9    0,3  14:30   -5,3  00:30   11,6    0,0    0,0    0,6    8,0  22:00    180 (J)
 25   -1,6    0,4  15:30   -2,7  03:30   10,9    0,0    0,0    0,9    8,0  22:30    146 (JJV)
 26   -0,5    5,9  14:00   -3,4  08:30   10,3    0,0    0,0    1,0   11,3  06:00    135 (JV)
 27    2,6    8,7  16:30   -1,3  07:00    8,5    0,0    0,2    2,4   27,4  18:30    318 (SZ)
 28    7,0   14,2  14:30   -0,4  01:30    6,1    0,0    0,0    6,3   41,8  12:00    324 (SZ)
 29    0,1    4,7  14:00   -4,4  00:00    9,9    0,0    0,4    1,0   11,3  01:00    154 (JJV)
 30   -3,4    3,6  14:30   -7,2  08:00   11,9    0,0    0,0    0,6    8,0  11:00     97 (V)
 31   -4,3    3,8  14:30   -8,0  07:30   12,4    0,0    0,2    0,3    9,7  13:00     99 (V)
---------------------------------------------------------------------------------------
      -0,5   14,2     28   -8,0     31    319,1    0,0    2,4    1,1   41,8  28    159  (JJV)
    
Tropske noci (Tmin >= 20): 0
Vroci dnevi (Tmax >= 30): 0
Topli dnevi (Tmax >= 25): 0
Hladni dnevi (Tmin < 0): 31
Ledeni dnevi (Tmax < 0): 4