Vremenska postaja OŠ Trzin, Slovenija

46.134 N| 14.5613 E| 300 m | Prikaži na zemljevidu

Osnovna šola Trzin v sodelovanju s CZ Trzin in Vremenskim društvom ZEVS

Vreme na kratko
5,4°C 74% 1022 mbar 1,9 km/h 4,8 km/h 0,0 mm
-1,3°C/h 7%/h 0 mbar/h J (184°) J (184°) 0,0 mm/h

14. 04. 2021 21:30:00 CEST

Vremenska statistika za 11-2016

Vremenska postaja:Vantage Pro2
Programska oprema:weewx v3.8.0
WeeWX aktiven:33 d, 14 h, 13 min
Strežnik aktiven:33 d, 13 h, 25 min
                   MONTHLY CLIMATOLOGICAL SUMMARY for nov 2016


NAME: OS Trzin, Slovenija                  
ELEV: 300 m    LAT: 46-08.04 S    LONG: 14-33.66 V


                   TEMPERATURE (°C), RAIN (mm), WIND SPEED (km/h)

                                         HEAT   COOL         AVG
      MEAN                               DEG    DEG          WIND                   DOM
DAY   TEMP   HIGH   TIME    LOW   TIME   DAYS   DAYS   RAIN  SPEED   HIGH   TIME    DIR
---------------------------------------------------------------------------------------
 01    5,7   13,6  14:30    2,2  02:30    6,8    0,0    0,2    0,4    8,0  14:30     86 (V)
 02    9,2   10,8  14:00    6,9  00:30    4,9    0,0    0,2    0,9    9,7  01:00    300 (ZSZ)
 03    6,6    9,5  01:30    1,1  23:30    6,4    0,0    0,6    1,8   19,3  07:00    118 (VJV)
 04    3,0    6,9  15:00    0,6  08:30    8,3    0,0    0,2    0,9    8,0  04:30      5 (S)
 05    6,9   12,4  00:00    3,1  02:00    6,2    0,0   13,4    1,1    9,7  18:30    323 (SZ)
 06   13,8   17,4  14:30   11,2  00:00    2,3    0,0   38,0    5,6   45,1  17:00    158 (JJV)
 07    5,3    8,7  00:30    3,3  09:00    7,1    0,0   15,8    2,9   17,7  00:30    341 (SSZ)
 08    4,2    5,1  01:30    3,2  10:00    7,7    0,0    5,0    1,1    9,7  05:30     85 (V)
 09    4,1    8,3  14:00    1,9  06:30    7,7    0,0    0,0    1,2    9,7  10:30    356 (S)
 10    4,7    9,3  14:30    2,2  21:00    7,4    0,0    0,4    1,1   17,7  15:00    143 (JV)
 11    5,2    7,2  15:00    3,1  00:30    7,1    0,0   10,6    1,5   14,5  23:00    250 (ZJZ)
 12    5,0    9,2  14:30    0,3  00:00    7,2    0,0    0,4    2,7   16,1  02:00    168 (JJV)
 13    1,6    4,6  15:00   -1,5  05:00    9,1    0,0    0,0    1,7   17,7  12:00    161 (JJV)
 14    2,6    5,3  15:00   -0,5  00:00    8,6    0,0    0,0    1,1   14,5  16:00    121 (VJV)
 15    0,3    6,2  13:30   -3,5  07:30    9,8    0,0    0,2    1,1   12,9  14:30    184 (J)
 16    3,8    9,2  14:30   -0,2  00:30    7,9    0,0    0,0    0,9    9,7  18:00      8 (S)
 17    7,8   12,9  14:30    3,4  03:30    5,7    0,0    0,0    1,5   20,9  19:30    150 (JJV)
 18   10,3   11,3  15:00    8,3  01:30    4,3    0,0    3,6    0,9   12,9  10:30    324 (SZ)
 19   10,8   12,6  12:00    7,9  00:00    4,0    0,0   26,2    1,4   17,7  13:30    331 (SSZ)
 20    9,3   14,4  14:00    6,3  05:00    4,8    0,0    0,4    0,9   11,3  10:00    299 (ZSZ)
 21   10,6   12,5  15:30    9,4  00:30    4,1    0,0    3,2    0,3    8,0  05:30     47 (SV)
 22   11,3   16,4  13:30    8,7  06:30    3,7    0,0    0,2    0,6    9,7  14:30    157 (JJV)
 23   11,0   14,3  14:00    8,8  08:00    3,9    0,0    0,4    0,7    8,0  03:30     24 (SSV)
 24   11,6   13,6  15:00    9,7  01:00    3,6    0,0    1,2    0,8    9,7  08:00     24 (SSV)
 25   11,7   13,3  13:00   10,1  00:00    3,5    0,0    2,2    0,7   11,3  23:00    340 (SSZ)
 26    9,2    9,9  00:30    8,5  22:00    4,9    0,0    1,0    1,0    9,7  11:30    172 (J)
 27    9,6   11,7  15:00    8,6  00:30    4,7    0,0    0,2    0,8   16,1  22:00     16 (SSV)
 28    4,3    8,8  00:30    0,4  23:00    7,6    0,0    3,6    3,9   20,9  13:30     99 (V)
 29    1,3    5,9  13:00   -3,7  00:00    9,3    0,0    0,0    2,9   20,9  03:30     83 (V)
 30   -1,9    3,7  13:30   -5,5  06:00   11,1    0,0    0,0    0,5    9,7  12:30     68 (VSV)
---------------------------------------------------------------------------------------
       6,6   17,4     06   -5,5     30    189,6    0,0  127,2    1,4   45,1  06    124  (JV)
    
Tropske noci (Tmin >= 20): 0
Vroci dnevi (Tmax >= 30): 0
Topli dnevi (Tmax >= 25): 0
Hladni dnevi (Tmin < 0): 6
Ledeni dnevi (Tmax < 0): 0