Vremenska postaja OŠ Trzin, Slovenija

46.134 N| 14.5613 E| 300 m | Prikaži na zemljevidu

Osnovna šola Trzin v sodelovanju s CZ Trzin in Vremenskim društvom ZEVS

Vreme na kratko
6,0°C 71% 1022 mbar 4,2 km/h 9,7 km/h 0,0 mm
-1,2°C/h 6%/h 1 mbar/h J (179°) J (179°) 0,0 mm/h

14. 04. 2021 21:15:00 CEST

Vremenska statistika za 10-2016

Vremenska postaja:Vantage Pro2
Programska oprema:weewx v3.8.0
WeeWX aktiven:33 d, 13 h, 58 min
Strežnik aktiven:33 d, 13 h, 10 min
                   MONTHLY CLIMATOLOGICAL SUMMARY for okt 2016


NAME: OS Trzin, Slovenija                  
ELEV: 300 m    LAT: 46-08.04 S    LONG: 14-33.66 V


                   TEMPERATURE (°C), RAIN (mm), WIND SPEED (km/h)

                                         HEAT   COOL         AVG
      MEAN                               DEG    DEG          WIND                   DOM
DAY   TEMP   HIGH   TIME    LOW   TIME   DAYS   DAYS   RAIN  SPEED   HIGH   TIME    DIR
---------------------------------------------------------------------------------------
 01   16,5   23,8  16:00   10,9  07:30    0,8    0,0    0,0    3,1   33,8  14:30    142 (JV)
 02   14,4   16,5  15:30   12,1  02:30    2,0    0,0    5,2    0,9   11,3  16:30    193 (JJZ)
 03   12,7   17,7  16:30    7,7  00:00    3,0    0,0   10,4    1,7   20,9  04:00    213 (JJZ)
 04    9,7   13,7  14:00    6,9  07:00    4,6    0,0    0,4    1,8   12,9  17:00    114 (VJV)
 05    9,5   16,3  15:00    4,6  23:30    4,7    0,0    0,2    2,2   17,7  17:00    155 (JJV)
 06    7,6   17,9  16:00    0,5  07:30    5,8    0,0    0,0    1,2   20,9  17:00     10 (S)
 07    8,2   12,7  13:30    3,8  03:00    5,5    0,0    0,0    1,5   17,7  14:30     68 (VSV)
 08    9,4   13,4  15:00    5,6  07:30    4,8    0,0    0,0    1,1    8,0  01:00    159 (JJV)
 09    9,7   14,8  14:30    5,3  00:00    4,6    0,0    0,4    1,2   12,9  14:00    352 (S)
 10    7,3    9,2  13:30    5,2  00:30    5,9    0,0    1,8    1,1   14,5  16:30     11 (SSV)
 11    7,0   11,3  15:00    3,7  00:00    6,1    0,0    0,0    1,6   19,3  14:30    115 (VJV)
 12    6,9   15,6  16:00    3,3  01:00    6,2    0,0    0,0    1,0    9,7  13:30    103 (VJV)
 13    5,5    9,6  16:00    0,8  07:30    6,9    0,0    0,2    0,7   11,3  14:30    155 (JJV)
 14   10,2   12,6  15:30    8,1  03:00    4,3    0,0    0,4    0,9    8,0  07:00    311 (SZ)
 15   12,1   14,4  16:00   10,6  05:30    3,3    0,0    9,8    1,4   24,1  02:00    215 (JZ)
 16   13,1   16,8  16:00    9,1  23:30    2,7    0,0    0,0    1,0    9,7  10:00    349 (S)
 17   12,3   16,9  14:30    9,4  07:00    3,1    0,0    0,2    0,9    9,7  12:00    158 (JJV)
 18   12,0   13,5  12:30    9,8  00:00    3,3    0,0    0,8    0,4    8,0  16:30     17 (SSV)
 19   10,6   12,9  15:30    9,3  03:00    4,1    0,0    2,0    1,2   11,3  17:00    139 (JV)
 20    8,3   10,0  00:30    7,4  23:30    5,4    0,0   23,2    1,2   12,9  07:30    309 (SZ)
 21    7,2    9,2  17:00    4,9  21:30    6,0    0,0    5,4    0,4    6,4  03:30    305 (SZ)
 22    5,9   11,6  15:30    3,6  05:30    6,7    0,0    0,0    1,1    9,7  13:30    314 (SZ)
 23    8,7   12,4  16:30    5,3  01:00    5,2    0,0    0,0    1,6   12,9  18:30     68 (VSV)
 24   12,3   15,0  23:30   10,8  00:30    3,2    0,0    0,6    1,1   14,5  23:30    189 (J)
 25   16,3   19,8  14:00   14,4  03:30    1,0    0,0   13,4    1,2   20,9  13:30    360 (S)
 26   14,7   16,3  13:30   12,7  00:00    1,8    0,0    7,6    1,0   12,9  22:00    345 (SSZ)
 27   10,9   15,3  14:30    6,2  00:00    4,0    0,0    0,0    1,8   16,1  15:30     95 (V)
 28    7,8   13,6  15:30    4,2  08:00    5,7    0,0    0,0    0,6    8,0  13:30     56 (SV)
 29    7,6   15,3  15:30    4,2  01:30    5,8    0,0    0,0    0,5    9,7  11:00     41 (SV)
 30    7,6   15,5  14:30    2,6  05:30    5,8    0,0    0,0    0,8   11,3  13:30    139 (JV)
 31    8,3   12,9  13:30    3,2  00:00    5,4    0,0    0,0    0,9   14,5  14:00    313 (SZ)
---------------------------------------------------------------------------------------
      10,0   23,8     01    0,5     06    137,6    0,0   82,0    1,2   33,8  01    124  (JV)
    
Tropske noci (Tmin >= 20): 0
Vroci dnevi (Tmax >= 30): 0
Topli dnevi (Tmax >= 25): 0
Hladni dnevi (Tmin < 0): 0
Ledeni dnevi (Tmax < 0): 0