Vremenska postaja OŠ Trzin, Slovenija

46.134 N| 14.5613 E| 300 m | Prikaži na zemljevidu

Osnovna šola Trzin v sodelovanju s CZ Trzin in Vremenskim društvom ZEVS

Vreme na kratko
4,2°C 79% 1022 mbar 0,6 km/h 4,8 km/h 0,0 mm
-1,8°C/h 8%/h 0 mbar/h S (7°) S (7°) 0,0 mm/h

14. 04. 2021 22:10:00 CEST

Vremenska statistika za 09-2016

Vremenska postaja:Vantage Pro2
Programska oprema:weewx v3.8.0
WeeWX aktiven:33 d, 14 h, 53 min
Strežnik aktiven:33 d, 14 h, 5 min
                   MONTHLY CLIMATOLOGICAL SUMMARY for sep 2016


NAME: OS Trzin, Slovenija                  
ELEV: 300 m    LAT: 46-08.04 S    LONG: 14-33.66 V


                   TEMPERATURE (°C), RAIN (mm), WIND SPEED (km/h)

                                         HEAT   COOL         AVG
      MEAN                               DEG    DEG          WIND                   DOM
DAY   TEMP   HIGH   TIME    LOW   TIME   DAYS   DAYS   RAIN  SPEED   HIGH   TIME    DIR
---------------------------------------------------------------------------------------
 01   19,7   28,1  16:30   12,6  06:30    0,0    0,9   16,4    1,7   30,6  21:00    160 (JJV)
 02   21,0   28,7  15:30   16,7  08:00    0,0    1,6    0,0    1,2   11,3  17:00     23 (SSV)
 03   20,6   28,9  15:30   14,7  06:30    0,0    1,4    0,2    0,9    9,7  12:30    171 (J)
 04   21,5   29,5  15:30   16,2  05:00    0,0    1,9    0,4    1,6   30,6  20:00      8 (S)
 05   18,6   22,8  17:00   15,4  00:00    0,0    0,4    1,4    2,5   24,1  14:30    159 (JJV)
 06   15,9   17,5  11:30   14,3  05:30    1,2    0,0    0,8    1,5   17,7  21:30    195 (JJZ)
 07   19,1   25,6  14:00   12,6  05:00    0,0    0,6    0,0    2,4   24,1  14:30     96 (V)
 08   20,1   27,6  15:00   14,1  07:00    0,0    1,2    0,0    1,8   17,7  13:30     38 (SV)
 09   20,5   29,4  15:00   13,4  06:00    0,0    1,4    0,0    1,9   27,4  14:30     76 (VSV)
 10   21,0   28,8  15:00   14,1  06:30    0,0    1,6    0,0    1,9   17,7  13:30     53 (SV)
 11   21,1   29,2  14:30   15,2  06:00    0,0    1,7    0,0    1,5   22,5  15:00     68 (VSV)
 12   21,0   29,8  15:30   14,3  07:00    0,0    1,6    0,0    1,3   14,5  15:00     34 (SV)
 13   20,8   29,4  16:30   14,3  07:00    0,0    1,6    0,2    1,3   16,1  14:00    170 (J)
 14   19,8   28,7  15:00   13,9  07:00    0,0    1,0    0,0    1,8   27,4  18:00     61 (VSV)
 15   19,5   26,8  13:30   14,8  05:30    0,0    0,8    0,6    2,0   24,1  16:00    151 (JJV)
 16   17,4   20,7  13:00   15,4  06:00    0,3    0,0    7,0    0,9   14,5  12:30    264 (Z)
 17   18,0   20,9  13:30   16,1  00:00    0,0    0,0    9,2    3,3   33,8  11:30    145 (JV)
 18   16,4   21,0  14:00   14,3  04:30    0,9    0,0    0,6    0,9   24,1  16:00    136 (JV)
 19   17,2   22,8  14:30   14,2  06:30    0,5    0,0    0,2    2,0   24,1  16:30    186 (J)
 20   15,6   20,0  15:30   12,8  07:00    1,3    0,0    1,2    1,7   16,1  15:00    129 (JV)
 21   13,9   19,6  15:30    8,9  00:00    2,3    0,0    0,6    1,5   14,5  14:30    356 (S)
 22   12,3   21,1  15:30    6,2  07:00    3,2    0,0    0,2    1,5   14,5  14:30    155 (JJV)
 23   13,4   22,0  15:30    7,7  05:30    2,5    0,0    0,0    1,0    9,7  13:00     19 (SSV)
 24   14,9   23,1  15:30   10,2  05:30    1,7    0,0    0,0    0,9   12,9  13:30    154 (JJV)
 25   13,7   23,0  15:30    8,7  04:30    2,4    0,0    0,0    1,0   11,3  14:30    133 (JV)
 26   13,9   22,4  16:30    7,8  06:30    2,3    0,0    0,0    0,9   12,9  17:30    165 (JJV)
 27   14,5   22,5  15:30   10,2  05:30    1,9    0,0    0,0    1,2   14,5  15:30    152 (JJV)
 28   13,3   22,6  16:00    7,5  05:30    2,6    0,0    0,2    0,9   14,5  13:30    134 (JV)
 29   15,0   24,9  15:00    8,3  06:30    1,7    0,0    0,2    1,8   29,0  17:00    139 (JV)
 30   15,7   24,3  15:00    9,0  07:00    1,3    0,0    0,0    2,4   32,2  14:00    141 (JV)
---------------------------------------------------------------------------------------
      17,5   29,8     12    6,2     22     26,1   17,9   39,4    1,6   33,8  17    133  (JV)
    
Tropske noci (Tmin >= 20): 0
Vroci dnevi (Tmax >= 30): 0
Topli dnevi (Tmax >= 25): 13
Hladni dnevi (Tmin < 0): 0
Ledeni dnevi (Tmax < 0): 0