Vremenska postaja OŠ Trzin, Slovenija

46.134 N| 14.5613 E| 300 m | Prikaži na zemljevidu

Osnovna šola Trzin v sodelovanju s CZ Trzin in Vremenskim društvom ZEVS

Vreme na kratko
4,9°C 76% 1022 mbar 2,6 km/h 4,8 km/h 0,0 mm
-1,4°C/h 7%/h 0 mbar/h JZ (216°) JZ (216°) 0,0 mm/h

14. 04. 2021 21:55:00 CEST

Vremenska statistika za 08-2016

Vremenska postaja:Vantage Pro2
Programska oprema:weewx v3.8.0
WeeWX aktiven:33 d, 14 h, 38 min
Strežnik aktiven:33 d, 13 h, 50 min
                   MONTHLY CLIMATOLOGICAL SUMMARY for avg 2016


NAME: OS Trzin, Slovenija                  
ELEV: 300 m    LAT: 46-08.04 S    LONG: 14-33.66 V


                   TEMPERATURE (°C), RAIN (mm), WIND SPEED (km/h)

                                         HEAT   COOL         AVG
      MEAN                               DEG    DEG          WIND                   DOM
DAY   TEMP   HIGH   TIME    LOW   TIME   DAYS   DAYS   RAIN  SPEED   HIGH   TIME    DIR
---------------------------------------------------------------------------------------
 01   18,9   22,8  11:00   17,2  05:30    0,0    0,5   19,0    1,7   14,5  10:30    326 (SSZ)
 02   20,2   25,9  15:00   15,7  07:00    0,0    1,2    0,0    1,5   14,5  17:00    219 (JZ)
 03   21,7   29,7  17:00   15,1  04:30    0,0    2,0    0,0    1,5   14,5  14:30    120 (VJV)
 04   23,2   31,2  16:30   15,7  06:00    0,0    2,9    0,0    1,6   17,7  15:30    148 (JJV)
 05   21,6   29,0  14:00   16,0  23:00    0,0    2,0    1,4    2,2   27,4  20:30    307 (SZ)
 06   19,9   26,6  17:00   15,3  05:30    0,0    1,0    2,0    3,2   22,5  19:00    173 (J)
 07   20,1   27,8  16:30   12,3  06:00    0,0    1,2    0,0    2,4   24,1  14:30    109 (VJV)
 08   20,1   27,9  15:30   12,5  06:30    0,0    1,2    0,0    2,4   19,3  14:30    152 (JJV)
 09   21,2   29,6  16:00   13,3  06:30    0,0    1,8    0,0    2,2   17,7  14:30    142 (JV)
 10   15,8   20,2  00:30   12,9  23:30    1,2    0,0   17,0    1,7   27,4  13:30    319 (SZ)
 11   14,6   20,4  15:30   10,9  00:00    1,9    0,0    0,0    1,6   20,9  19:00    183 (J)
 12   15,0   22,4  15:00    7,9  06:00    1,7    0,0    0,2    1,3   14,5  14:00    137 (JV)
 13   18,6   26,5  17:00   13,2  06:00    0,0    0,3    0,0    1,4   14,5  16:00    147 (JJV)
 14   20,7   29,6  17:00   12,9  06:30    0,0    1,5    0,0    1,2   11,3  14:00    136 (JV)
 15   22,5   30,8  16:30   17,3  07:00    0,0    2,5    0,0    2,0   27,4  19:30    127 (JV)
 16   21,1   27,9  16:30   15,7  06:30    0,0    1,7    0,0    2,3   16,1  14:00    161 (JJV)
 17   19,4   26,9  13:30   16,3  00:00    0,0    0,8    5,6    1,7   32,2  14:30    169 (J)
 18   19,0   25,2  16:00   15,3  05:30    0,0    0,5    0,4    1,7   12,9  19:30     80 (V)
 19   20,8   27,8  15:30   16,8  06:30    0,0    1,6    0,6    2,2   22,5  18:00    147 (JJV)
 20   21,8   28,8  16:00   17,6  01:30    0,0    2,1    0,0    1,7   12,9  11:30    192 (JJZ)
 21   20,4   26,3  13:30   14,7  00:00    0,0    1,3    8,6    1,8   17,7  20:00     91 (V)
 22   17,9   25,5  15:00   12,7  07:00    0,1    0,0    4,0    2,6   20,9  16:00      2 (S)
 23   18,9   27,4  16:30   11,1  06:00    0,0    0,5    0,0    2,1   22,5  16:00    132 (JV)
 24   20,0   27,5  14:00   12,6  07:00    0,0    1,1    0,0    2,1   24,1  13:30    110 (VJV)
 25   20,6   27,7  15:30   13,3  06:30    0,0    1,5    0,0    2,6   22,5  11:00    104 (VJV)
 26   19,9   27,6  16:00   13,0  06:30    0,0    1,0    0,0    2,1   19,3  13:30    152 (JJV)
 27   20,4   29,1  15:30   12,8  06:30    0,0    1,3    0,0    1,3   14,5  15:30    159 (JJV)
 28   21,0   29,8  15:30   14,7  06:00    0,0    1,7    0,0    1,1   12,9  13:30    153 (JJV)
 29   21,5   31,0  16:00   15,4  06:00    0,0    1,9    1,8    2,0   25,7  18:30    170 (J)
 30   21,4   27,6  14:30   16,7  03:00    0,0    1,9    0,0    2,2   20,9  15:00    125 (JV)
 31   20,3   26,3  17:00   15,3  06:30    0,0    1,3    0,0    1,9   17,7  13:30    158 (JJV)
---------------------------------------------------------------------------------------
      19,9   31,2     04    7,9     12      4,8   38,4   60,6    1,9   32,2  17    140  (JV)
    
Tropske noci (Tmin >= 20): 0
Vroci dnevi (Tmax >= 30): 3
Topli dnevi (Tmax >= 25): 27
Hladni dnevi (Tmin < 0): 0
Ledeni dnevi (Tmax < 0): 0