Vremenska postaja OŠ Trzin, Slovenija

46.134 N| 14.5613 E| 300 m | Prikaži na zemljevidu

Osnovna šola Trzin v sodelovanju s CZ Trzin in Vremenskim društvom ZEVS

Vreme na kratko
5,3°C 74% 1022 mbar 2,5 km/h 4,8 km/h 0,0 mm
-1,3°C/h 5%/h 0 mbar/h JJZ (194°) JJZ (194°) 0,0 mm/h

14. 04. 2021 21:40:00 CEST

Vremenska statistika za 07-2016

Vremenska postaja:Vantage Pro2
Programska oprema:weewx v3.8.0
WeeWX aktiven:33 d, 14 h, 23 min
Strežnik aktiven:33 d, 13 h, 35 min
                   MONTHLY CLIMATOLOGICAL SUMMARY for jul 2016


NAME: OS Trzin, Slovenija                  
ELEV: 300 m    LAT: 46-08.04 S    LONG: 14-33.66 V


                   TEMPERATURE (°C), RAIN (mm), WIND SPEED (km/h)

                                         HEAT   COOL         AVG
      MEAN                               DEG    DEG          WIND                   DOM
DAY   TEMP   HIGH   TIME    LOW   TIME   DAYS   DAYS   RAIN  SPEED   HIGH   TIME    DIR
---------------------------------------------------------------------------------------
 01   23,1   30,6  15:00   17,5  04:30    0,0    2,8    0,0    2,1   17,7  16:30    197 (JJZ)
 02   24,0   30,9  16:00   17,4  05:30    0,0    3,3    0,0    2,6   35,4  16:30    132 (JV)
 03   17,7   20,4  05:00   15,7  22:30    0,2    0,0   19,4    1,3   19,3  05:30    179 (J)
 04   19,8   25,7  15:00   14,3  06:00    0,0    1,0    0,0    2,2   17,7  13:30    191 (J)
 05   21,3   29,2  17:30   13,4  06:00    0,0    1,9    0,0    2,0   37,0  22:00      9 (S)
 06   21,7   27,5  16:00   16,7  04:30    0,0    2,1    0,0    2,5   19,3  13:30    148 (JJV)
 07   21,4   26,9  17:30   17,0  05:00    0,0    1,9    0,0    2,2   17,7  13:30    135 (JV)
 08   21,8   29,2  16:30   15,0  06:00    0,0    2,1    0,0    1,5   20,9  17:30    118 (VJV)
 09   23,6   29,9  16:30   17,8  05:30    0,0    3,1    0,0    1,5   17,7  13:30    106 (VJV)
 10   24,8   32,3  16:30   17,3  06:00    0,0    3,8    0,0    1,4   12,9  13:00    133 (JV)
 11   25,5   33,4  16:00   18,1  06:00    0,0    4,1    0,0    1,9   24,1  17:00    142 (JV)
 12   24,5   32,9  15:30   18,1  06:00    0,0    3,6    0,8    2,0   25,7  14:30    138 (JV)
 13   22,4   28,1  11:30   17,8  00:00    0,0    2,4   11,0    2,8   51,5  16:30      7 (S)
 14   18,0   21,3  11:00   14,7  08:30    0,0    0,0    8,8    2,6   29,0  12:00    160 (JJV)
 15   16,2   18,9  12:30   12,4  05:00    1,0    0,0    0,2    1,7   17,7  13:00    151 (JJV)
 16   15,3   18,4  14:00   11,6  04:00    1,5    0,0    0,4    2,3   14,5  22:30    166 (JJV)
 17   18,6   26,4  15:30   13,2  05:00    0,0    0,3    0,0    1,3   16,1  10:30    186 (J)
 18   21,5   30,8  16:00   13,3  06:30    0,0    1,9    2,0    2,0   16,1  18:00     77 (VSV)
 19   21,9   29,9  17:30   15,6  03:30    0,0    2,2    0,2    1,8   14,5  15:00    120 (VJV)
 20   23,5   31,6  16:00   16,4  06:00    0,0    3,0    0,0    1,8   19,3  19:00    103 (VJV)
 21   24,0   32,2  15:30   17,1  06:00    0,0    3,3    0,0    1,2   16,1  16:00    145 (JV)
 22   24,4   31,3  15:00   19,0  06:00    0,0    3,6    0,0    2,1   29,0  17:30     24 (SSV)
 23   24,4   32,6  16:30   18,6  07:00    0,0    3,5    0,0    2,0   30,6  14:00    133 (JV)
 24   24,5   31,4  14:00   17,4  06:00    0,0    3,6    0,0    1,9   16,1  12:00    154 (JJV)
 25   24,3   30,2  15:00   19,9  00:00    0,0    3,5    0,0    2,7   22,5  14:30    128 (JV)
 26   22,1   29,6  13:30   17,6  06:00    0,0    2,3    2,2    1,6   17,7  14:30    302 (ZSZ)
 27   22,1   29,4  13:30   17,9  00:00    0,0    2,3    0,8    2,4   30,6  17:30    310 (SZ)
 28   20,2   26,5  12:30   17,7  04:00    0,0    1,2    2,0    1,5   16,1  17:30    293 (ZSZ)
 29   22,4   29,6  17:30   17,2  04:30    0,0    2,4    0,0    1,5   16,1  16:00    143 (JV)
 30   24,2   32,7  16:30   16,8  06:00    0,0    3,5    0,0    1,6   16,1  18:00    134 (JV)
 31   24,5   32,0  14:30   19,3  06:30    0,0    3,6    0,0    3,1   25,7  14:30    142 (JV)
---------------------------------------------------------------------------------------
      22,1   33,4     11   11,6     16      2,7   72,5   47,8    2,0   51,5  13    140  (JV)
    
Tropske noci (Tmin >= 20): 0
Vroci dnevi (Tmax >= 30): 14
Topli dnevi (Tmax >= 25): 27
Hladni dnevi (Tmin < 0): 0
Ledeni dnevi (Tmax < 0): 0