Vremenska postaja OŠ Trzin, Slovenija

46.134 N| 14.5613 E| 300 m | Prikaži na zemljevidu

Osnovna šola Trzin v sodelovanju s CZ Trzin in Vremenskim društvom ZEVS

Vreme na kratko
5,7°C 73% 1022 mbar 2,1 km/h 4,8 km/h 0,0 mm
-1,3°C/h 6%/h 0 mbar/h J (184°) J (184°) 0,0 mm/h

14. 04. 2021 21:25:00 CEST

Vremenska statistika za 06-2016

Vremenska postaja:Vantage Pro2
Programska oprema:weewx v3.8.0
WeeWX aktiven:33 d, 14 h, 8 min
Strežnik aktiven:33 d, 13 h, 20 min
                   MONTHLY CLIMATOLOGICAL SUMMARY for jun 2016


NAME: OS Trzin, Slovenija                  
ELEV: 300 m    LAT: 46-08.04 S    LONG: 14-33.66 V


                   TEMPERATURE (°C), RAIN (mm), WIND SPEED (km/h)

                                         HEAT   COOL         AVG
      MEAN                               DEG    DEG          WIND                   DOM
DAY   TEMP   HIGH   TIME    LOW   TIME   DAYS   DAYS   RAIN  SPEED   HIGH   TIME    DIR
---------------------------------------------------------------------------------------
 01   14,4   19,7  14:00   11,6  04:30    2,0    0,0   19,6    1,6   19,3  15:00    317 (SZ)
 02   16,6   22,1  17:30   11,9  05:30    0,8    0,0    0,0    4,4   33,8  13:30    141 (JV)
 03   18,1   25,3  16:00   11,3  05:30    0,0    0,1    0,0    3,3   25,7  21:00    132 (JV)
 04   18,9   26,4  15:00   11,4  05:30    0,0    0,5    0,0    2,9   38,6  16:00    141 (JV)
 05   18,2   25,3  16:30   12,9  05:30    0,0    0,1    2,4    2,7   27,4  14:00    144 (JV)
 06   18,2   25,3  14:30   14,7  05:00    0,0    0,1    0,0    2,0   16,1  14:00    101 (V)
 07   18,7   26,9  16:00   13,2  04:00    0,0    0,4    4,8    2,2   27,4  19:00    186 (J)
 08   18,7   25,6  14:30   14,8  05:30    0,0    0,4    7,2    2,3   20,9  15:00    135 (JV)
 09   16,2   18,0  16:00   15,0  01:30    1,0    0,0    3,2    1,1   11,3  15:30    325 (SZ)
 10   16,5   22,0  17:30   14,1  00:00    0,8    0,0    7,6    0,9    9,7  15:30    161 (JJV)
 11   17,0   23,8  13:00   12,2  05:00    0,6    0,0    5,6    2,5   33,8  14:30    157 (JJV)
 12   17,3   22,4  13:30   14,7  06:00    0,4    0,0   10,0    2,1   22,5  03:00    226 (JZ)
 13   18,0   24,2  15:30   14,3  05:30    0,0    0,0    0,6    1,4   16,1  13:00    200 (JJZ)
 14   17,3   23,1  13:30   12,9  05:30    0,4    0,0    2,6    1,9   43,5  16:30    144 (JV)
 15   17,3   22,6  17:00   14,8  07:00    0,4    0,0   40,8    2,3   33,8  17:30    156 (JJV)
 16   20,4   26,5  14:00   14,6  05:30    0,0    1,3    0,0    1,9   32,2  14:00      6 (S)
 17   20,5   24,3  15:30   15,3  00:00    0,0    1,4    2,8    6,3   45,1  13:30    145 (JV)
 18   19,2   26,4  15:30   12,6  05:30    0,0    0,7    0,0    2,3   17,7  16:30    152 (JJV)
 19   15,9   21,0  13:00   11,4  05:30    1,2    0,0    0,0    1,6   17,7  13:00    129 (JV)
 20   16,9   23,2  15:30   14,1  06:30    0,6    0,0    6,2    2,0   20,9  16:30    183 (J)
 21   19,7   27,4  16:00   13,5  06:00    0,0    1,0    0,2    1,8   14,5  12:00    175 (J)
 22   22,3   29,7  15:30   14,9  05:30    0,0    2,4    0,0    2,3   17,7  11:00    139 (JV)
 23   24,0   30,6  17:00   17,4  05:30    0,0    3,3    0,0    2,1   16,1  12:00     69 (VSV)
 24   26,0   32,6  17:00   19,8  05:00    0,0    4,4    0,0    2,1   19,3  15:30    166 (JJV)
 25   24,0   31,7  13:30   19,8  06:00    0,0    3,3    0,0    2,0   29,0  00:00    159 (JJV)
 26   20,4   24,5  11:30   16,5  06:00    0,0    1,4   10,2    2,0   33,8  00:30    322 (SZ)
 27   19,0   22,7  11:30   14,3  00:00    0,0    0,6    7,6    1,8   20,9  12:30     89 (V)
 28   19,2   27,2  16:30   13,4  02:00    0,0    0,7    0,0    1,8   12,9  15:00    144 (JV)
 29   21,5   29,7  16:00   14,1  05:30    0,0    2,0    0,0    1,6   16,1  17:00    140 (JV)
 30   22,6   30,8  16:00   15,1  05:30    0,0    2,6    0,0    1,3   20,9  17:00    158 (JJV)
---------------------------------------------------------------------------------------
      19,1   32,6     24   11,3     03      8,2   26,6  131,4    2,2   45,1  17    146  (JV)
    
Tropske noci (Tmin >= 20): 0
Vroci dnevi (Tmax >= 30): 4
Topli dnevi (Tmax >= 25): 16
Hladni dnevi (Tmin < 0): 0
Ledeni dnevi (Tmax < 0): 0