Vremenska postaja OŠ Trzin, Slovenija

46.134 N| 14.5613 E| 300 m | Prikaži na zemljevidu

Osnovna šola Trzin v sodelovanju s CZ Trzin in Vremenskim društvom ZEVS

Vreme na kratko
6,1°C 71% 1022 mbar 5,8 km/h 9,7 km/h 0,0 mm
-1,2°C/h 7%/h 1 mbar/h J (180°) J (180°) 0,0 mm/h

14. 04. 2021 21:10:00 CEST

Vremenska statistika za 05-2016

Vremenska postaja:Vantage Pro2
Programska oprema:weewx v3.8.0
WeeWX aktiven:33 d, 13 h, 53 min
Strežnik aktiven:33 d, 13 h, 5 min
                   MONTHLY CLIMATOLOGICAL SUMMARY for maj 2016


NAME: OS Trzin, Slovenija                  
ELEV: 300 m    LAT: 46-08.04 S    LONG: 14-33.66 V


                   TEMPERATURE (°C), RAIN (mm), WIND SPEED (km/h)

                                         HEAT   COOL         AVG
      MEAN                               DEG    DEG          WIND                   DOM
DAY   TEMP   HIGH   TIME    LOW   TIME   DAYS   DAYS   RAIN  SPEED   HIGH   TIME    DIR
---------------------------------------------------------------------------------------
 01    9,8   11,0  18:30    8,8  03:30    4,5    0,0   11,6    2,7   17,7  14:00    331 (SSZ)
 02   12,0   15,5  14:00    8,9  02:00    3,3    0,0    0,4    2,6   25,7  13:30    343 (SSZ)
 03   14,7   21,8  16:00    9,3  06:00    1,8    0,0    0,0    1,7   14,5  12:30    169 (JJV)
 04   13,5   20,0  12:30    8,1  05:30    2,5    0,0    0,0    2,7   20,9  13:00    354 (S)
 05   14,0   21,1  16:30    9,7  06:30    2,2    0,0    0,6    2,2   25,7  16:30    131 (JV)
 06   14,9   23,1  17:30    7,2  06:30    1,7    0,0    0,0    2,2   17,7  12:30     77 (VSV)
 07   14,4   24,4  14:30    7,3  06:00    2,0    0,0    0,0    2,2   35,4  17:30    132 (JV)
 08   12,7   21,4  14:00    6,9  06:00    2,9    0,0    9,8    1,7   32,2  15:00    177 (J)
 09   14,3   22,7  15:00    8,8  06:30    2,0    0,0    0,2    2,0   30,6  15:30     46 (SV)
 10   13,6   16,8  15:30   10,3  04:00    2,4    0,0    0,2    1,1   16,1  16:00    339 (SSZ)
 11   13,5   16,4  13:00   10,1  06:30    2,5    0,0    3,0    0,8   12,9  10:30    173 (J)
 12   14,2   17,0  18:00   12,1  23:30    2,1    0,0   15,8    1,5   12,9  23:00    339 (SSZ)
 13   12,9   15,3  13:00   11,3  05:30    2,8    0,0   10,8    5,0   32,2  11:30    140 (JV)
 14   13,3   19,6  15:30   11,4  05:00    2,6    0,0   21,4    1,2   33,8  17:00     54 (SV)
 15   10,6   12,0  00:30    8,2  00:00    4,1    0,0   12,8    2,2   19,3  15:00    158 (JJV)
 16   10,7   17,4  16:30    6,9  04:00    4,0    0,0    3,0    2,1   29,0  18:00    330 (SSZ)
 17   11,1   17,6  14:30    5,1  06:00    3,9    0,0    0,0    2,1   24,1  18:30    140 (JV)
 18   13,0   18,9  15:30    6,5  06:00    2,8    0,0    0,0    1,7   19,3  13:00    100 (V)
 19   11,5   18,5  13:00    6,8  06:00    3,6    0,0    4,2    1,6   20,9  14:30    342 (SSZ)
 20   14,9   21,4  15:00   10,7  00:00    1,7    0,0    1,0    2,1   20,9  11:30     19 (SSV)
 21   16,1   25,1  16:30    7,3  06:00    1,0    0,0    0,0    2,2   17,7  12:30    166 (JJV)
 22   18,5   27,4  16:30    9,4  06:00    0,0    0,3    0,0    2,4   29,0  16:00    133 (JV)
 23   16,4   23,4  13:00   10,3  05:30    0,9    0,0    4,0    3,6   41,8  12:00    132 (JV)
 24   13,4   17,8  15:00   10,4  00:00    2,5    0,0    1,0    1,6   17,7  02:00    134 (JV)
 25   17,4   26,3  16:00    9,0  02:30    0,3    0,0    0,0    3,4   29,0  16:30    133 (JV)
 26   18,6   27,4  15:30   11,7  06:00    0,0    0,3    6,2    2,1   25,7  18:30    136 (JV)
 27   19,7   28,9  16:00   12,2  05:30    0,0    1,0    0,2    2,7   32,2  16:30    140 (JV)
 28   20,5   28,1  16:30   11,8  05:00    0,0    1,4    0,0    4,2   37,0  16:30    136 (JV)
 29   19,3   26,2  12:30   13,9  00:00    0,0    0,7    5,2    4,0   38,6  17:00    131 (JV)
 30   16,6   20,0  12:00   13,7  00:30    0,8    0,0    3,6    2,4   20,9  23:00     29 (SSV)
 31   15,8   20,6  17:00   12,3  04:30    1,2    0,0    6,0    2,2   20,9  15:30    340 (SSZ)
---------------------------------------------------------------------------------------
      14,6   28,9     27    5,1     17     62,4    3,7  121,0    2,3   41,8  23    125  (JV)
    
Tropske noci (Tmin >= 20): 0
Vroci dnevi (Tmax >= 30): 0
Topli dnevi (Tmax >= 25): 7
Hladni dnevi (Tmin < 0): 0
Ledeni dnevi (Tmax < 0): 0