Vremenska postaja OŠ Trzin, Slovenija

46.134 N| 14.5613 E| 300 m | Prikaži na zemljevidu

Osnovna šola Trzin v sodelovanju s CZ Trzin in Vremenskim društvom ZEVS

Vreme na kratko
6,2°C 70% 1022 mbar 4,9 km/h 9,7 km/h 0,0 mm
-1,3°C/h 9%/h 1 mbar/h J (179°) J (179°) 0,0 mm/h

14. 04. 2021 21:00:00 CEST

Vremenska statistika za 04-2016

Vremenska postaja:Vantage Pro2
Programska oprema:weewx v3.8.0
WeeWX aktiven:33 d, 13 h, 43 min
Strežnik aktiven:33 d, 12 h, 55 min
                   MONTHLY CLIMATOLOGICAL SUMMARY for apr 2016


NAME: OS Trzin, Slovenija                  
ELEV: 300 m    LAT: 46-08.04 S    LONG: 14-33.66 V


                   TEMPERATURE (°C), RAIN (mm), WIND SPEED (km/h)

                                         HEAT   COOL         AVG
      MEAN                               DEG    DEG          WIND                   DOM
DAY   TEMP   HIGH   TIME    LOW   TIME   DAYS   DAYS   RAIN  SPEED   HIGH   TIME    DIR
---------------------------------------------------------------------------------------
 01   15,5   20,8  15:00   11,8  23:30    1,4    0,0    0,0    3,5   37,0  15:00     35 (SV)
 02   12,2   17,1  15:30    6,8  00:00    3,2    0,0    0,0    2,7   16,1  01:00    144 (JV)
 03   12,3   22,4  16:30    3,3  06:30    3,2    0,0    0,0    2,7   33,8  17:00    135 (JV)
 04   13,2   20,5  16:30    5,9  06:30    2,7    0,0    0,0    5,7   37,0  17:30    156 (JJV)
 05   14,9   23,3  13:30    7,2  07:30    1,7    0,0    0,0    4,2   33,8  13:00    145 (JV)
 06   15,0   24,4  16:00    6,6  07:00    1,7    0,0    0,0    2,9   41,8  15:30    138 (JV)
 07   16,1   23,5  16:30    7,7  07:00    1,0    0,0    0,2    1,8   14,5  11:30    151 (JJV)
 08   12,6   16,2  01:00   11,0  00:00    3,0    0,0    6,4    0,7   12,9  17:30    326 (SZ)
 09   10,5   11,4  15:30    9,8  06:30    4,2    0,0    5,4    1,7   11,3  12:30    164 (JJV)
 10   11,8   17,4  16:30    9,4  09:30    3,4    0,0    0,4    1,6   14,5  12:00    151 (JJV)
 11   13,8   21,2  16:00    9,6  07:00    2,3    0,0    0,0    3,1   38,6  16:30    144 (JV)
 12   13,7   20,9  15:00    5,8  07:00    2,4    0,0    0,0    6,9   45,1  14:00    152 (JJV)
 13   15,0   21,4  15:00    8,8  07:00    1,7    0,0    0,0    4,8   35,4  14:30    149 (JJV)
 14   11,3   15,1  17:30    7,3  00:00    3,7    0,0   16,0    2,3   22,5  08:00    155 (JJV)
 15   12,5   20,0  17:30    6,6  07:00    3,1    0,0    0,0    4,5   37,0  13:00    140 (JV)
 16   14,9   20,7  14:00    7,9  05:30    1,7    0,0    0,0    6,0   49,9  15:00    135 (JV)
 17   16,7   22,2  16:00   11,7  07:00    0,7    0,0    0,0    4,8   53,1  11:00    114 (VJV)
 18   15,0   21,2  15:00    8,9  06:30    1,7    0,0    0,0    4,0   32,2  15:00    135 (JV)
 19   11,5   15,1  15:30    6,6  00:00    3,6    0,0    0,2    3,6   22,5  16:00    158 (JJV)
 20   10,1   18,4  16:30    2,3  06:00    4,4    0,0    0,0    1,7   16,1  16:00    115 (VJV)
 21   12,3   22,1  16:00    3,0  06:30    3,2    0,0    0,0    2,6   27,4  17:00    132 (JV)
 22   13,2   20,8  15:30    5,5  06:30    2,7    0,0    0,0    5,0   37,0  14:30    141 (JV)
 23   11,6   17,0  12:30    5,5  06:00    3,6    0,0    0,0    4,1   33,8  13:30    134 (JV)
 24    8,8   11,8  11:00    4,7  00:00    5,1    0,0    2,4    2,4   19,3  12:30    174 (J)
 25    6,7   12,8  17:00    2,2  00:00    6,3    0,0    0,0    2,0   19,3  19:30    165 (JJV)
 26    6,8   12,5  12:30    1,7  01:30    6,2    0,0    2,0    1,5   20,9  20:00    353 (S)
 27    6,2   14,7  12:00    0,8  21:00    6,6    0,0    6,0    3,0   41,8  12:00    326 (SSZ)
 28    3,3    6,9  16:30    0,9  00:30    8,2    0,0   26,4    1,0    8,0  11:30     15 (SSV)
 29    6,9   15,8  16:30    1,6  06:00    6,1    0,0    0,8    1,2   16,1  14:30    109 (VJV)
 30    9,8   19,1  17:00    0,2  06:30    4,6    0,0    0,0    1,9   19,3  18:00    164 (JJV)
---------------------------------------------------------------------------------------
      11,8   24,4     06    0,2     30    103,1    0,0   66,2    3,1   53,1  17    143  (JV)
    
Tropske noci (Tmin >= 20): 0
Vroci dnevi (Tmax >= 30): 0
Topli dnevi (Tmax >= 25): 0
Hladni dnevi (Tmin < 0): 0
Ledeni dnevi (Tmax < 0): 0