Vremenska postaja OŠ Trzin, Slovenija

46.134 N| 14.5613 E| 300 m | Prikaži na zemljevidu

Osnovna šola Trzin v sodelovanju s CZ Trzin in Vremenskim društvom ZEVS

Vreme na kratko
-0,5°C 88% 1035 mbar 0,6 km/h 3,2 km/h 0,0 mm
0,7°C/h 1%/h 1 mbar/h VSV (74°) VSV (74°) 0,0 mm/h

21. 03. 2019 07:15:00 CET

Vremenska statistika za 03-2016

Vremenska postaja:Vantage Pro2
Programska oprema:weewx v3.8.0
WeeWX aktiven:101 d, 18 h, 28 min
Strežnik aktiven:103 d, 17 h, 37 min
                   MONTHLY CLIMATOLOGICAL SUMMARY for mar 2016


NAME: OS Trzin, Slovenija                  
ELEV: 300 m    LAT: 46-08.04 S    LONG: 14-33.66 V


                   TEMPERATURE (°C), RAIN (mm), WIND SPEED (km/h)

                                         HEAT   COOL         AVG
      MEAN                               DEG    DEG          WIND                   DOM
DAY   TEMP   HIGH   TIME    LOW   TIME   DAYS   DAYS   RAIN  SPEED   HIGH   TIME    DIR
---------------------------------------------------------------------------------------
 01    6,2   10,5  15:30    1,3  00:00    6,5    0,0    7,0    1,8   16,1  18:00    168
 02    5,0   12,2  15:30    1,0  04:00    7,2    0,0    0,0    1,2    8,0  12:00      2
 03    4,4    6,1  15:00    2,6  00:00    7,6    0,0   10,8    3,2   17,7  15:00    329
 04    6,2   12,2  14:00    2,3  00:00    6,6    0,0    0,0    4,5   24,1  16:00    158
 05    4,6    8,7  22:30    0,3  05:00    7,5    0,0    3,0    1,6   16,1  00:00    330
 06    7,2   11,2  12:30    4,6  00:00    6,0    0,0    9,2    3,2   27,4  14:30    336
 07    3,8    4,8  01:30    2,5  07:30    7,9    0,0   12,2    1,4   11,3  05:00    351
 08    4,8    7,3  16:00    2,2  07:30    7,3    0,0    2,2    2,1   12,9  11:30    324
 09    5,2    7,1  15:30    3,0  07:30    7,1    0,0    0,0    1,9   17,7  01:30    354
 10    8,0   13,7  13:30    3,4  06:30    5,5    0,0    0,0    3,2   25,7  14:30    354
 11    8,2   11,4  14:30    5,9  00:30    5,5    0,0    0,0    3,2   19,3  19:00    165
 12    7,9   11,1  11:30    5,4  07:00    5,6    0,0    0,0    2,4   22,5  12:30    112
 13    7,8   10,6  14:00    6,3  06:30    5,6    0,0    0,0    5,8   32,2  19:30    358
 14    7,8   12,2  15:30    1,9  00:00    5,7    0,0    0,0    4,2   29,0  12:30      7
 15    2,6    7,3  14:00   -1,3  06:00    8,6    0,0    0,4    1,9   20,9  20:00    163
 16    3,1    5,6  14:30   -0,4  05:30    8,3    0,0    0,2    2,4   22,5  12:30     41
 17    6,6   13,1  14:30    1,2  00:00    6,3    0,0    0,0    1,7   17,7  12:30    145
 18    6,3   16,9  16:00   -1,6  06:00    6,5    0,0    0,0    1,5   12,9  14:30    113
 19    8,2   17,9  15:30   -0,3  06:00    5,4    0,0    0,0    1,9   16,1  14:00    139
 20    8,7   17,2  15:30    0,6  06:00    5,2    0,0    0,0    2,9   35,4  16:00    138
 21    7,6   12,3  13:30    2,3  06:30    5,8    0,0    0,0    2,6   16,1  00:30    139
 22    9,2   13,7  15:00    6,6  00:00    4,9    0,0    0,0    2,9   22,5  16:00    151
 23    7,2    8,7  11:00    5,7  06:00    6,0    0,0    0,0    5,9   30,6  13:00      6
 24    6,8   13,4  14:30    0,9  04:30    6,2    0,0    0,0    2,6   17,7  10:00     16
 25    6,5   13,3  12:30    0,0  02:30    6,4    0,0    0,0    3,7   41,8  14:30    146
 26    8,1   13,9  16:00    2,9  00:00    5,5    0,0    0,0    1,4   11,3  14:00    113
 27    7,6   15,1  17:00    0,9  07:30    5,8    0,0    0,0    2,2   22,5  14:00     12
 28    8,2   11,2  13:30    4,3  02:30    5,5    0,0    0,0    1,6   20,9  14:30    135
 29   11,7   15,4  16:00    8,6  07:00    3,5    0,0    0,0    4,1   43,5  15:00    145
 30   12,2   15,4  16:30    7,4  04:30    3,2    0,0    0,0    3,0   30,6  15:30    139
 31   14,5   19,7  16:00   10,4  07:00    1,9    0,0    0,0    4,4   35,4  14:00    121
---------------------------------------------------------------------------------------
       7,2   19,7     31   -1,6     18  186,6    0,0   45,0    2,8   43,5     29     94
    
Tropske noci (Tmin >= 20): 0
Vroci dnevi (Tmax >= 30): 0
Topli dnevi (Tmax >= 25): 0
Hladni dnevi (Tmin < 0): 4
Ledeni dnevi (Tmax < 0): 0