Vremenska postaja OŠ Trzin, Slovenija

46.134 N| 14.5613 E| 300 m | Prikaži na zemljevidu

Osnovna šola Trzin v sodelovanju s CZ Trzin in Vremenskim društvom ZEVS

Vreme na kratko
12,1°C 95% 1012 mbar 0,0 km/h 0,0 km/h 0,0 mm
1,2°C/h -2%/h 0 mbar/h N/A ( N/A) N/A ( N/A) 0,0 mm/h

22. 05. 2019 07:40:00 CEST

Vremenska statistika za 02-2016

Vremenska postaja:Vantage Pro2
Programska oprema:weewx v3.8.0
WeeWX aktiven:50 d, 20 h, 33 min
Strežnik aktiven:51 d, 1 h, 0 min
                   MONTHLY CLIMATOLOGICAL SUMMARY for feb 2016


NAME: OS Trzin, Slovenija                  
ELEV: 300 m    LAT: 46-08.04 S    LONG: 14-33.66 V


                   TEMPERATURE (°C), RAIN (mm), WIND SPEED (km/h)

                                         HEAT   COOL         AVG
      MEAN                               DEG    DEG          WIND                   DOM
DAY   TEMP   HIGH   TIME    LOW   TIME   DAYS   DAYS   RAIN  SPEED   HIGH   TIME    DIR
---------------------------------------------------------------------------------------
 01    9,1   14,8  14:30    6,3  00:00    4,9    0,0    0,2    2,0   17,7  11:30      4
 02    8,5   12,9  13:00    3,7  05:00    5,3    0,0    0,0    1,6   16,1  13:00     60
 03    8,2   10,9  05:30    3,4  00:00    5,4    0,0   21,6    2,1   22,5  18:00    164
 04    3,7    9,8  14:30    0,7  07:30    7,9    0,0    0,4    2,1   16,1  13:30    159
 05    3,0   10,9  15:00   -1,4  06:30    8,3    0,0    0,2    1,3   12,9  10:00    156
 06    4,0   11,8  14:30   -2,2  07:00    7,8    0,0    0,0    2,2   32,2  14:00    155
 07    8,3   10,1  14:30    5,7  01:00    5,4    0,0    0,0    2,4   22,5  12:00     99
 08    8,9   10,7  16:00    7,2  06:30    5,1    0,0    8,0    1,2   16,1  16:00    339
 09    9,5   12,2  13:00    7,7  00:00    4,7    0,0    4,0    2,4   35,4  21:30    158
 10    5,0    7,6  00:30    0,5  00:00    7,2    0,0   16,8    2,8   20,9  06:30    358
 11    1,7    8,6  14:30   -1,7  07:00    9,1    0,0    0,2    1,2   17,7  17:30    130
 12    0,9    2,8  15:30   -1,0  03:30    9,5    0,0    5,2    0,8    8,0  05:30    342
 13    2,4    6,1  15:00    0,8  00:30    8,7    0,0   11,0    0,9    8,0  22:00    332
 14    3,6    5,0  14:00    1,8  07:00    8,0    0,0   11,2    1,4   12,9  14:00    192
 15    4,1    6,3  15:30    1,0  23:30    7,7    0,0   12,6    1,4   19,3  22:00    165
 16    2,9    4,7  15:30    1,2  00:30    8,4    0,0    4,4    1,2   14,5  21:00    328
 17    2,7    3,5  17:00    1,6  04:00    8,5    0,0    6,0    1,0   11,3  07:00    356
 18    3,8    5,2  16:00    2,5  06:30    7,9    0,0    5,4    1,1    8,0  08:30    154
 19    5,2    7,7  15:00    4,2  23:30    7,1    0,0   12,6    1,5   16,1  17:30    351
 20    4,7    8,9  14:30    1,1  00:00    7,4    0,0    0,8    1,6   14,5  13:00    139
 21    5,6   13,2  14:00   -0,3  07:00    6,9    0,0    0,2    1,7   19,3  16:30    109
 22    8,9   11,2  12:30    4,4  01:00    5,0    0,0    0,0    3,5   19,3  11:30      2
 23   10,2   11,3  11:30    7,9  20:30    4,3    0,0    2,2    1,6   19,3  00:30     30
 24    5,8    9,2  15:00    2,2  23:00    6,8    0,0    0,4    3,2   24,1  03:00    173
 25    3,6    5,6  17:00    1,6  06:30    8,0    0,0    0,4    1,3   11,3  17:00    155
 26    3,1    4,9  01:30    0,2  22:00    8,3    0,0    0,6    1,2   12,9  03:00    150
 27    1,8    4,1  13:00   -0,4  01:30    9,0    0,0    1,0    1,3    9,7  16:30      4
 28    4,1    5,8  23:00    2,2  01:30    7,7    0,0    8,0    1,0    8,0  14:00      2
 29    7,7   10,3  14:30    5,6  01:30    5,7    0,0    4,8    1,6   17,7  07:00     14
---------------------------------------------------------------------------------------
       5,2   14,8     01   -2,2     06  206,1    0,0  138,2    1,7   35,4     09    104
    
Tropske noci (Tmin >= 20): 0
Vroci dnevi (Tmax >= 30): 0
Topli dnevi (Tmax >= 25): 0
Hladni dnevi (Tmin < 0): 6
Ledeni dnevi (Tmax < 0): 0