Vremenska postaja OŠ Trzin, Slovenija

46.134 N| 14.5613 E| 300 m | Prikaži na zemljevidu

Osnovna šola Trzin v sodelovanju s CZ Trzin in Vremenskim društvom ZEVS

Vreme na kratko
3,5°C 82% 1023 mbar 1,2 km/h 3,2 km/h 0,0 mm
-1,8°C/h 8%/h 0 mbar/h S (9°) S (9°) 0,0 mm/h

14. 04. 2021 22:35:00 CEST

Vremenska statistika za 01-2016

Vremenska postaja:Vantage Pro2
Programska oprema:weewx v3.8.0
WeeWX aktiven:33 d, 15 h, 18 min
Strežnik aktiven:33 d, 14 h, 30 min
                   MONTHLY CLIMATOLOGICAL SUMMARY for jan 2016


NAME: OS Trzin, Slovenija                  
ELEV: 300 m    LAT: 46-08.04 S    LONG: 14-33.66 V


                   TEMPERATURE (°C), RAIN (mm), WIND SPEED (km/h)

                                         HEAT   COOL         AVG
      MEAN                               DEG    DEG          WIND                   DOM
DAY   TEMP   HIGH   TIME    LOW   TIME   DAYS   DAYS   RAIN  SPEED   HIGH   TIME    DIR
---------------------------------------------------------------------------------------
 01   -2,1    1,7  14:30   -4,8  00:00   11,2    0,0    0,0    0,4    6,4  12:00    107 (VJV)
 02   -2,8   -0,5  15:00   -6,2  05:00   11,5    0,0    0,0    0,5    8,0  13:00    157 (JJV)
 03   -2,8   -0,4  12:00   -4,6  00:00   11,5    0,0   11,0    1,0   12,9  19:30    174 (J)
 04   -4,6   -3,5  13:00   -5,7  07:30   12,6    0,0    0,0    0,9    8,0  04:30    147 (JJV)
 05   -2,0    0,1  22:30   -5,1  00:30   11,1    0,0    0,2    1,1   12,9  08:00     39 (SV)
 06    0,6    1,8  14:30   -1,1  23:30    9,7    0,0    1,4    0,4    6,4  00:30    173 (J)
 07   -0,4    0,3  12:00   -1,6  00:00   10,2    0,0    1,0    1,0    6,4  09:30     17 (SSV)
 08   -0,9    1,2  16:30   -3,9  07:30   10,5    0,0    4,6    0,9   11,3  03:30     54 (SV)
 09    2,0    3,1  13:00    0,9  00:30    8,9    0,0   15,2    0,4    8,0  22:00    340 (SSZ)
 10    4,4    7,7  15:30    2,0  01:00    7,5    0,0   10,4    0,7    6,4  02:00    358 (S)
 11   10,3   14,4  12:00    5,2  00:30    4,3    0,0   12,6    3,9   37,0  11:00    167 (JJV)
 12    5,9   11,5  14:00    0,8  00:00    6,7    0,0    0,8    1,7   19,3  00:30    354 (S)
 13    0,9    5,0  14:30   -0,9  23:30    9,5    0,0    0,0    1,3   19,3  00:00      9 (S)
 14   -0,4    1,1  00:00   -2,3  05:30   10,2    0,0    0,8    1,0   11,3  16:00    164 (JJV)
 15    1,5    3,6  15:30   -0,5  21:30    9,2    0,0    4,8    1,3   12,9  07:00    160 (JJV)
 16    0,1    3,2  14:30   -1,4  21:30    9,9    0,0    0,0    1,2    8,0  09:00    360 (S)
 17   -1,6    2,9  14:30   -5,7  07:30   10,9    0,0    0,2    1,3   11,3  13:00    158 (JJV)
 18   -3,1    1,1  14:00   -6,5  00:00   11,7    0,0    0,0    1,4   11,3  01:30    154 (JJV)
 19   -5,2   -0,7  16:00   -8,6  07:00   12,9    0,0    0,0    0,5    6,4  13:30     40 (SV)
 20   -3,4    2,9  14:00   -7,7  02:00   11,9    0,0    0,0    0,4    6,4  12:00    345 (SSZ)
 21   -2,4    4,8  14:30   -7,8  07:30   11,3    0,0    0,0    0,7    6,4  11:30    332 (SSZ)
 22   -2,2    1,3  14:00   -5,7  00:00   11,2    0,0    0,0    0,7    8,0  13:00    112 (VJV)
 23   -4,7   -1,0  15:00   -7,8  03:30   12,6    0,0    0,0    0,5    8,0  16:30     49 (SV)
 24   -2,6    4,0  13:30   -7,8  07:00   11,5    0,0    0,0    0,5    9,7  12:30    149 (JJV)
 25    1,8    7,9  14:30   -1,2  00:30    9,0    0,0    0,0    0,7    6,4  12:30     15 (SSV)
 26    2,3   10,8  14:00   -2,0  08:00    8,7    0,0    0,0    0,4    6,4  12:00     64 (VSV)
 27    3,5   12,9  15:00   -2,7  07:30    8,1    0,0    0,0    1,4   29,0  16:00    164 (JJV)
 28    5,6   13,3  14:00    1,4  00:00    6,9    0,0    0,0    1,6   22,5  14:30    144 (JV)
 29    4,4   12,4  14:30    0,6  05:30    7,6    0,0    0,0    0,7    8,0  00:30     19 (SSV)
 30    4,6    9,8  15:00   -0,4  08:00    7,4    0,0    0,2    1,2   14,5  18:00    163 (JJV)
 31    8,1   10,8  02:00    6,7  00:00    5,5    0,0    0,4    1,3   22,5  03:00     14 (SSV)
---------------------------------------------------------------------------------------
       0,5   14,4     11   -8,6     19    301,9    0,0   63,6    1,0   37,0  11    124  (VJV)
    
Tropske noci (Tmin >= 20): 0
Vroci dnevi (Tmax >= 30): 0
Topli dnevi (Tmax >= 25): 0
Hladni dnevi (Tmin < 0): 24
Ledeni dnevi (Tmax < 0): 5