Vremenska postaja OŠ Trzin, Slovenija

46.134 N| 14.5613 E| 300 m | Prikaži na zemljevidu

Osnovna šola Trzin v sodelovanju s CZ Trzin in Vremenskim društvom ZEVS

Vreme na kratko
6,2°C 70% 1022 mbar 5,5 km/h 9,7 km/h 0,0 mm
-1,3°C/h 7%/h 1 mbar/h J (180°) J (180°) 0,0 mm/h

14. 04. 2021 21:05:00 CEST

Vremenska statistika za 12-2015

Vremenska postaja:Vantage Pro2
Programska oprema:weewx v3.8.0
WeeWX aktiven:33 d, 13 h, 48 min
Strežnik aktiven:33 d, 13 h, 0 min
                   MONTHLY CLIMATOLOGICAL SUMMARY for dec 2015


NAME: OS Trzin, Slovenija                  
ELEV: 300 m    LAT: 46-08.04 S    LONG: 14-33.66 V


                   TEMPERATURE (°C), RAIN (mm), WIND SPEED (km/h)

                                         HEAT   COOL         AVG
      MEAN                               DEG    DEG          WIND                   DOM
DAY   TEMP   HIGH   TIME    LOW   TIME   DAYS   DAYS   RAIN  SPEED   HIGH   TIME    DIR
---------------------------------------------------------------------------------------
 01    7,6   11,9  14:30    3,4  08:00    5,8    0,0    0,0    2,4   16,1  14:00      1 (S)
 02    6,6   13,8  14:00    2,2  00:00    6,3    0,0    0,0    0,6    8,0  11:30    123 (VJV)
 03    3,6    6,2  14:00    1,0  08:00    8,0    0,0    0,3    0,8    6,4  11:00    350 (S)
 04    5,7    9,9  15:00    0,8  00:00    6,9    0,0    0,0    1,0   11,3  10:30    348 (SSZ)
 05    1,8    5,2  13:30    0,2  02:00    9,0    0,0    0,0    0,6    8,0  13:30    112 (VJV)
 06    3,3   10,5  15:00   -0,5  08:30    8,2    0,0    0,0    1,1   11,3  14:30    349 (S)
 07    2,7   10,7  13:00   -1,3  07:30    8,5    0,0    0,3    0,3    4,8  03:00     64 (VSV)
 08    0,7    2,6  00:00   -1,0  01:00    9,6    0,0    0,0    0,6    8,0  11:30     84 (V)
 09    3,0    3,5  15:00    2,6  00:30    8,3    0,0    0,0    1,0    8,0  13:00    173 (J)
 10    2,5    5,2  14:00   -1,0  00:00    8,6    0,0    0,0    1,8    8,0  10:00      1 (S)
 11   -1,4   -0,6  14:30   -2,1  08:00   10,8    0,0    0,0    1,4    6,4  05:30     28 (SSV)
 12   -0,8    1,4  15:00   -1,7  08:00   10,4    0,0    0,0    0,9    6,4  06:30     26 (SSV)
 13   -0,5    5,1  14:00   -3,6  08:30   10,3    0,0    0,0    0,7    6,4  07:00    344 (SSZ)
 14    1,9    4,6  15:00   -2,3  03:30    9,0    0,0    0,3    0,4    6,4  10:00     29 (SSV)
 15    2,8    8,1  13:30   -0,5  22:30    8,5    0,0    0,0    0,3    4,8  13:00     62 (VSV)
 16    1,1    4,4  15:00   -0,4  19:30    9,4    0,0    0,0    1,0    6,4  12:30     36 (SV)
 17    0,8    1,6  15:30    0,2  08:30    9,5    0,0    0,3    1,0    6,4  01:00     87 (V)
 18    0,5    1,5  15:00   -0,3  07:30    9,7    0,0    0,0    1,1    6,4  07:00      4 (S)
 19    0,5    2,3  14:30   -0,6  08:30    9,7    0,0    0,0    1,1    6,4  03:00     52 (SV)
 20   -0,2    0,8  14:30   -0,8  07:30   10,1    0,0    0,3    1,0    6,4  03:00     29 (SSV)
 21    2,8    8,3  14:00   -2,3  06:00    8,4    0,0    0,0    0,9    8,0  14:00    350 (S)
 22    4,8   12,6  13:30    0,7  00:00    7,3    0,0    0,0    0,7   17,7  13:30    215 (JZ)
 23    2,8   11,6  14:00   -1,4  07:30    8,4    0,0    0,3    0,5    8,0  12:30     11 (S)
 24    0,7    6,1  14:00   -1,4  04:30    9,6    0,0    0,0    0,5    8,0  13:30     16 (SSV)
 25    1,5    9,6  13:30   -2,3  06:30    9,2    0,0    0,3    0,4    4,8  05:00     30 (SSV)
 26   -0,4    2,5  14:30   -1,7  07:00   10,2    0,0    0,3    0,6    9,7  14:30    131 (JV)
 27   -0,4    5,9  14:00   -3,6  07:00   10,2    0,0    0,3    0,3    8,0  12:00    167 (JJV)
 28   -1,1    4,3  14:00   -3,3  08:00   10,6    0,0    0,0    0,3    8,0  12:30    155 (JJV)
 29    0,1    4,2  15:30   -3,4  03:00   10,0    0,0    0,3    0,3    4,8  01:30    101 (VJV)
 30  -35,8    4,6  13:00 -1838,2  19:00   29,9    0,0    0,0    1,3   12,9  11:00     29 (SSV)
 31   -2,0    1,4  13:30   -4,7  08:00   11,1    0,0    0,0    1,1   14,5  13:30    155 (JJV)
---------------------------------------------------------------------------------------
       0,5   13,8     02 -1838,2     30    301,5    0,0    2,5    0,8   17,7  22     23  (SSV)
    
Tropske noci (Tmin >= 20): 0
Vroci dnevi (Tmax >= 30): 0
Topli dnevi (Tmax >= 25): 0
Hladni dnevi (Tmin < 0): 23
Ledeni dnevi (Tmax < 0): 1