Vremenska postaja OŠ Trzin, Slovenija

46.134 N| 14.5613 E| 300 m | Prikaži na zemljevidu

Osnovna šola Trzin v sodelovanju s CZ Trzin in Vremenskim društvom ZEVS

Vreme na kratko
6,3°C 69% 1022 mbar 5,0 km/h 8,0 km/h 0,0 mm
-1,3°C/h 9%/h 1 mbar/h J (185°) J (185°) 0,0 mm/h

14. 04. 2021 20:55:00 CEST

Vremenska statistika za 11-2015

Vremenska postaja:Vantage Pro2
Programska oprema:weewx v3.8.0
WeeWX aktiven:33 d, 13 h, 38 min
Strežnik aktiven:33 d, 12 h, 50 min
                   MONTHLY CLIMATOLOGICAL SUMMARY for nov 2015


NAME: OS Trzin, Slovenija                  
ELEV: 300 m    LAT: 46-08.04 S    LONG: 14-33.66 V


                   TEMPERATURE (°C), RAIN (mm), WIND SPEED (km/h)

                                         HEAT   COOL         AVG
      MEAN                               DEG    DEG          WIND                   DOM
DAY   TEMP   HIGH   TIME    LOW   TIME   DAYS   DAYS   RAIN  SPEED   HIGH   TIME    DIR
---------------------------------------------------------------------------------------
 01
 02
 03
 04
 05
 06
 07
 08
 09
 10
 11
 12
 13
 14
 15
 16
 17
 18
 19
 20   12,0   12,9  23:30   11,6  22:00    3,3    0,0    0,3    2,6   17,7  23:30      2 (S)
 21    5,8   12,3  03:00    1,1  15:30    6,8    0,0   33,8    1,6   16,1  07:30      0 (S)
 22    2,3    4,2  14:30    0,4  21:30    8,7    0,0    5,8    1,2    9,7  02:00    358 (S)
 23    1,7    4,1  14:30   -0,2  05:00    9,1    0,0    0,0    2,0   12,9  09:00    350 (S)
 24    2,2    4,1  11:30    0,6  02:30    8,8    0,0    0,0    1,3    9,7  13:00     12 (SSV)
 25    1,2    1,9  14:00    0,4  08:00    9,3    0,0    0,0    1,1    6,4  08:00    329 (SSZ)
 26    0,8    2,6  14:00   -0,9  00:00    9,5    0,0    0,5    0,9    9,7  18:00    216 (JZ)
 27    1,9    7,1  12:00   -2,6  06:00    8,9    0,0    0,0    1,6   20,9  14:30    147 (JJV)
 28    3,2    6,4  13:00   -0,3  00:00    8,2    0,0    0,0    0,6   11,3  12:30     26 (SSV)
 29    0,9    4,4  14:00   -1,4  03:30    9,5    0,0    0,0    0,9   11,3  10:00      7 (S)
 30    3,0    9,6  13:30   -1,8  06:00    8,3    0,0    0,0    1,3    9,7  12:00    357 (S)
---------------------------------------------------------------------------------------
       2,6   12,9     20   -2,6     27     90,5    0,0   40,4    1,3   20,9  27      1  (S)
    
Tropske noci (Tmin >= 20): 0
Vroci dnevi (Tmax >= 30): 0
Topli dnevi (Tmax >= 25): 0
Hladni dnevi (Tmin < 0): 6
Ledeni dnevi (Tmax < 0): 0